ase 16, what is 13fa - 1?
13f9
In base 6, what is 4 + -14?
-10
In base 8, what is 14 - -45?
61
In base 11, what is 837 + 5?
841
In base 7, what is 2 - 1602?
-1600
In base 10, what is 13 + -79?
-66
In base 5, what is -211044 + -3?
-211102
In base 6, what is -5042 - 35?
-5121
In base 16, what is 2ff - 3?
2fc
In base 8, what is 106 - -15?
123
In base 16, what is -28 + -1d?
-45
In base 9, what is 31 + 4?
35
In base 5, what is 0 + -23?
-23
In base 2, what is 10010010010000 - 10?
10010010001110
In base 9, what is -23 + 0?
-23
In base 6, what is -1 - 144?
-145
In base 4, what is 11 + -22203?
-22132
In base 12, what is 0 + -321?
-321
In base 7, what is 5 - 121?
-113
In base 2, what is -1101101 - -1?
-1101100
In base 10, what is 38 - 226?
-188
In base 13, what is -4 - -65?
61
In base 11, what is -4 + -82?
-86
In base 6, what is -1031 - -2?
-1025
In base 12, what is -2 - -46a?
468
In base 10, what is -313 - -61?
-252
In base 7, what is 10 - -3110?
3120
In base 13, what is -4 + 21?
1a
In base 14, what is 3663 - 0?
3663
In base 15, what is -4b + b?
-40
In base 2, what is 110010000000 + -100?
110001111100
In base 6, what is -1232 + 0?
-1232
In base 7, what is 0 - -11?
11
In base 11, what is -212 - 9?
-220
In base 4, what is 1130 + 10?
1200
In base 14, what is -19 + 6b?
52
In base 9, what is 5 + -3282?
-3276
In base 7, what is 30 - 122?
-62
In base 8, what is 353 - 1?
352
In base 12, what is -2 + -41b?
-421
In base 4, what is 1031101 - -3?
1031110
In base 15, what is c - 17?
-a
In base 8, what is 1125 + 5?
1132
In base 16, what is -2ad - 3?
-2b0
In base 14, what is 0 + -2ad?
-2ad
In base 12, what is -6 - -1b85?
1b7b
In base 4, what is 20133 + 10?
20203
In base 6, what is 2 - 1403?
-1401
In base 3, what is -12 + -10020?
-10102
In base 9, what is 387 + -1?
386
In base 9, what is 1 - 27?
-26
In base 2, what is 11111111000000 - 101?
11111110111011
In base 15, what is 28 - 186?
-15d
In base 3, what is 12 + 222001?
222020
In base 11, what is 10 - 13?
-3
In base 14, what is 42 - 0?
42
In base 10, what is -3 + -277?
-280
In base 4, what is 0 + 1100?
1100
In base 2, what is -11011110 - 11?
-11100001
In base 12, what is -7 - 15?
-20
In base 10, what is -31 - 71?
-102
In base 7, what is -14 + -10?
-24
In base 13, what is -76 - -17?
-5c
In base 5, what is 112 - -10?
122
In base 7, what is -1 + 46?
45
In base 9, what is 0 + -5?
-5
In base 14, what is -2b0 - 1?
-2b1
In base 9, what is 778 + -1?
777
In base 10, what is 4 + 75?
79
In base 11, what is -9149 - 3?
-9151
In base 12, what is -3 - -127?
124
In base 16, what is -24 + 7?
-1d
In base 4, what is 1 + -332332?
-332331
In base 4, what is 223 - 11?
212
In base 16, what is -33 - 10?
-43
In base 2, what is 100 - 1111000111?
-1111000011
In base 8, what is 43 + 76?
141
In base 12, what is 0 - 75?
-75
In base 13, what is 6 + 31?
37
In base 4, what is -13 + -22300?
-22313
In base 14, what is -7a + 4?
-76
In base 14, what is -18 + -5?
-1d
In base 12, what is 0 + 120?
120
In base 2, what is 100110101 - -10001?
101000110
In base 8, what is -2 + 467?
465
In base 4, what is -1121202 - -1?
-1121201
In base 15, what is -8 + 3c?
34
In base 4, what is -312 + 1?
-311
In base 7, what is -4 + -430?
-434
In base 2, what is -1010 - 1011?
-10101
In base 10, what is -89 - 6?
-95
In base 16, what is -49 - 5?
-4e
In base 4, what is -3 + 111303?
111300
In base 4, what is -10 + 13?
3
In base 8, what is -1 + 127?
126
In base 6, what is 13101 - -4?
13105
In base 4, what is 302 - 3?
233
In base 15, what is -ce - -c?
-c2
In base 9, what is -4 + 53?
48
In base 10, what is 1 + -42?
-41
In base 2, what is 101001000 - -11?
101001011
In base 15, what is 5 - 59?
-54
In base 11, what is 0 + 46?
46
In base 7, what is -3 - 5361?
-5364
In base 2, what is -10 - 1001?
-1011
In base 9, what is 34 + -2?
32
In base 12, what is 278 - 10?
268
In base 4, what is -13020 - 11?
-13031
In base 7, what is 2 - -341?
343
In base 14, what is 48 + 2?
4a
In base 3, what is 10121 - -10?
10201
In base 7, what is -4 - 364?
-401
In base 9, what is 12180 - -1?
12181
In base 9, what is 61 - 3?
57
In base 7, what is -3 + -3250?
-3253
In base 13, what is 0 - 41?
-41
In base 13, what is 1 - 62b?
-62a
In base 10, what is -9966 + -2?
-9968
In base 2, what is 1111 - 111100100?
-111010101
In base 8, what is 14465 + -5?
14460
In base 9, what is -223 + -35?
-258
In base 15, what is -15 - 1c?
-32
In base 14, what is -143 + -1?
-144
In base 16, what is -166 - -3?
-163
In base 11, what is -2 - 245?
-247
In base 14, what is -17 - 8?
-21
In base 12, what is 78 + 5?
81
In base 4, what is 1103 - 1?
1102
In base 11, what is aa + 49?
148
In base 14, what is -1 - 53?
-54
In base 11, what is 3 - -59?
61
In base 11, what is -177 + -7?
-183
In base 13, what is 148 - 3?
145
In base 8, what is 7023 - 0?
7023
In base 3, what is -10 + -1000?
-1010
In base 3, what is 101 + 21021?
21122
In base 8, what is 0 + 204?
204
In base 7, what is -145 + -3?
-151
In base 14, what is -4 - -45?
41
In base 2, what is 10111100 - 101?
10110111
In base 9, what is -102 - -5?
-86
In base 12, what is -290 + 1?
-28b
In base 4, what is 11211 + -30?
11121
In base 9, what is 116 + -2?
114
In base 11, what is 36 + -5?
31
In base 14, what is -8 + -6a?
-74
In base 16, what is -f9 - 0?
-f9
In base 2, what is -1010 + 0?
-1010
In base 6, what is 3 - 35?
-32
In base 8, what is -114 - 12?
-126
In base 10, what is -7 + -65?
-72
In base 9, what is -6 - 424?
-431
In base 11, what is -1 - -40?
3a
In base 15, what is 10a + 26?
131
In base 2, what is -10 + -111011?
-111101
In base 10, what is -316 - 4?
-320
In base 8, what is -26 - 611?
-637
In base 9, what is -5 - 185?
-201
In base 7, what is -425 - -221?
-204
In base 12, what is 2 + 29?
2b
In base 5, what is 0 + 43?
43
In base 13, what is -b - -13?
5
In base 8, what is -235 + 7?
-226
In base 9, what is 2585 - -1?
2586
In base 3, what is -1221201 + 0?
-1221201
In base 10, what is -5 + -321?
-326
In base 2, what is -11 - -10000?
1101
In base 16, what is -39 - 303?
-33c
In base 11, what is -43 - 9?
-51
In base 3, what is -10102 + -10?
-10112
In base 15, what is -1655 + 4?
-1651
In base 8, what is 521 + -2?
517
In base 11, what is -1 - -24?
23
In base 11, what is 2258 - -3?
2260
In base 9, what is -4 - 413?
-417
In base 9, what is -3 + -1760?
-1763
In base 12, what is -2 - -1102?
1100
In base 4, what is -233 + 1101?
202
In base 4, what is 11 + 2301?
2312
In base 15, what is 10 + -29?
-19
In base 11, what is -34 - -5a?
26
In base 6, what is -2 + 441?
435
In base 2, what is 1 + -11001111011?
-11001111010
In base 2, what is -100011 + 11?
-100000
In base 13, what is -5 - cc?
-104
In base 15, what is -2 + 193?
191
In base 3, what is 21111 - -10?
21121
In base 2, what is -1001 + 100011100?
100010011
In base 11, what is -131 + 3?
-129
In base 14, what is 2 - 8?
-6
In base 13, what is 2 - 32b?
-329
In base 13, what is -190 + -4?
-194
In base 12, what is b + 58?
67
In base 15, what is -3 + -20?
-23
In base 16, what is 6 + 8d?
93
In base 4, what is -113 - -21?
-32
In base 9, what is 274 - 27?
246
In base 12, what is 1 - 909?
-908
In base 11, what is -38840 + 1?
-3883a
In base 14, what is -62 - 140?
-1a2
In base 12, what is -142 + -3?
-145
In base 8, what is -3067 - -4?
-3063
In base 8, what is -3 + 143?
140
In base 14, what is c18 - 3?
c15
In base 6, what is -213 + -3?
-220
In base 13, what is 87b + -2?
879
In base 12, what is 0 + 176?
176
In base 10, what is -193 + 131?
-62
In base 6, what is 1 - 34?
-33
In base 12, what is 1796 - -1?
1797
In base 8, what is 46 + 424?
472
In base 5, what is 0 + -131223?
-131223
In base 14, what is 4 + 219?
21d
In base 14, what is -2a2 - -3?
-29d
In base 12, what is -704 + -23?
-727
In base 8, what is 276 + -2?
274
In base 4, what is 10 - 31322?
-31312
In base 11, what is 19a + 28?
217
In base 16, what is -3 + 49b?
498
In base 15, what is 6 + -118?
-112
In base 10, what is 23584 - -4?
23588
In base 5, what is 24 - 21?
3
In base 7, what is 1 + 4?
5
In base 3, what is -102021 + 0?
-102021
In base 3, what is -21120 + -11?
-21201
In base 4, what is 3 - -30?
33
In base 5, what is 220 + -11?
204
In base 8, what is -12 + 1?
-11
In base 4, what is -1330 - 2?
-1332
In base 8, what is 131 + -1?
130
In base 5, what is 1 + -142?
-141
In base 16, what is 1a + -5a?
-40
In base 12, wha